 factors of 740?
2, 5, 37
What are the prime factors of 12731?
29, 439
What are the prime factors of 16560?
2, 3, 5, 23
List the prime factors of 1305.
3, 5, 29
What are the prime factors of 3597?
3, 11, 109
List the prime factors of 6110.
2, 5, 13, 47
List the prime factors of 3997.
7, 571
List the prime factors of 98641.
98641
List the prime factors of 3188.
2, 797
What are the prime factors of 5455?
5, 1091
List the prime factors of 62581.
62581
What are the prime factors of 693?
3, 7, 11
List the prime factors of 388.
2, 97
List the prime factors of 965.
5, 193
List the prime factors of 60.
2, 3, 5
List the prime factors of 104521.
127, 823
List the prime factors of 37.
37
List the prime factors of 872.
2, 109
List the prime factors of 865.
5, 173
What are the prime factors of 17734?
2, 8867
List the prime factors of 80736.
2, 3, 29
What are the prime factors of 427?
7, 61
What are the prime factors of 14654?
2, 17, 431
What are the prime factors of 911?
911
List the prime factors of 1060.
2, 5, 53
What are the prime factors of 1265?
5, 11, 23
What are the prime factors of 58415?
5, 7, 1669
List the prime factors of 1143.
3, 127
What are the prime factors of 41897?
41897
What are the prime factors of 490?
2, 5, 7
List the prime factors of 4698.
2, 3, 29
List the prime factors of 13.
13
List the prime factors of 676.
2, 13
List the prime factors of 1172.
2, 293
List the prime factors of 15529.
53, 293
List the prime factors of 9215.
5, 19, 97
List the prime factors of 108212.
2, 13, 2081
List the prime factors of 25262.
2, 17, 743
What are the prime factors of 2020?
2, 5, 101
List the prime factors of 63163.
83, 761
What are the prime factors of 1079?
13, 83
What are the prime factors of 94547?
94547
List the prime factors of 4922.
2, 23, 107
List the prime factors of 13782.
2, 3, 2297
List the prime factors of 8834.
2, 7, 631
What are the prime factors of 38359?
89, 431
List the prime factors of 1267.
7, 181
List the prime factors of 4383.
3, 487
List the prime factors of 9841.
13, 757
List the prime factors of 40021.
31, 1291
What are the prime factors of 56077?
7, 8011
What are the prime factors of 20986?
2, 7, 1499
List the prime factors of 419.
419
List the prime factors of 381.
3, 127
What are the prime factors of 2677?
2677
List the prime factors of 38291.
11, 59
List the prime factors of 48158.
2, 11, 199
What are the prime factors of 1769?
29, 61
What are the prime factors of 3140?
2, 5, 157
What are the prime factors of 99430?
2, 5, 61, 163
What are the prime factors of 1789?
1789
List the prime factors of 4667.
13, 359
List the prime factors of 15983.
11, 1453
What are the prime factors of 3?
3
List the prime factors of 120.
2, 3, 5
List the prime factors of 1303.
1303
List the prime factors of 79.
79
What are the prime factors of 2223?
3, 13, 19
List the prime factors of 7077.
3, 7, 337
List the prime factors of 812.
2, 7, 29
List the prime factors of 20452.
2, 5113
List the prime factors of 2569.
7, 367
List the prime factors of 17799.
3, 17, 349
List the prime factors of 61836.
2, 3, 5153
What are the prime factors of 1315?
5, 263
List the prime factors of 1840.
2, 5, 23
List the prime factors of 618.
2, 3, 103
What are the prime factors of 247?
13, 19
List the prime factors of 3298.
2, 17, 97
List the prime factors of 21067.
21067
What are the prime factors of 27876?
2, 3, 23, 101
List the prime factors of 115.
5, 23
What are the prime factors of 99863?
37, 2699
List the prime factors of 3532.
2, 883
List the prime factors of 802.
2, 401
List the prime factors of 1345.
5, 269
What are the prime factors of 2163?
3, 7, 103
What are the prime factors of 3804?
2, 3, 317
List the prime factors of 4187.
53, 79
List the prime factors of 2742.
2, 3, 457
What are the prime factors of 3055?
5, 13, 47
List the prime factors of 910.
2, 5, 7, 13
List the prime factors of 3975.
3, 5, 53
What are the prime factors of 10259?
10259
List the prime factors of 37726.
2, 13, 1451
What are the prime factors of 29889?
3, 41
What are the prime factors of 3215?
5, 643
What are the prime factors of 5773?
23, 251
What are the prime factors of 137472?
2, 3, 179
What are the prime factors of 15?
3, 5
What are the prime factors of 21991?
21991
What are the prime factors of 5689?
5689
List the prime factors of 3562.
2, 13, 137
What are the prime factors of 26753?
31, 863
List the prime factors of 5747.
7, 821
What are the prime factors of 271?
271
What are the prime factors of 2291?
29, 79
List the prime factors of 14000.
2, 5, 7
List the prime factors of 51672.
2, 3, 2153
List the prime factors of 5231.
5231
What are the prime factors of 2672?
2, 167
What are the prime factors of 11126?
2, 5563
What are the prime factors of 1050?
2, 3, 5, 7
What are the prime factors of 19561?
31, 631
What are the prime factors of 6013?
7, 859
What are the prime factors of 1815?
3, 5, 11
What are the prime factors of 22296?
2, 3, 929
List the prime factors of 40234.
2, 20117
List the prime factors of 2863.
7, 409
List the prime factors of 6696.
2, 3, 31
List the prime factors of 33221.
139, 239
List the prime factors of 8206.
2, 11, 373
List the prime factors of 926.
2, 463
List the prime factors of 637.
7, 13
List the prime factors of 77.
7, 11
List the prime factors of 20585.
5, 23, 179
List the prime factors of 2289.
3, 7, 109
List the prime factors of 24429.
3, 17, 479
List the prime factors of 90496.
2, 7, 101
List the prime factors of 6950.
2, 5, 139
What are the prime factors of 839?
839
List the prime factors of 52153.
52153
What are the prime factors of 68814?
2, 3, 3823
What are the prime factors of 3003?
3, 7, 11, 13
What are the prime factors of 26880?
2, 3, 5, 7
What are the prime factors of 5689?
5689
List the prime factors of 2342.
2, 1171
What are the prime factors of 1437?
3, 479
What are the prime factors of 4400?
2, 5, 11
List the prime factors of 51525.
3, 5, 229
List the prime factors of 17534.
2, 11, 797
What are the prime factors of 4762?
2, 2381
What are the prime factors of 8702?
2, 19, 229
What are the prime factors of 2713?
2713
List the prime factors of 140332.
2, 35083
What are the prime factors of 860?
2, 5, 43
What are the prime factors of 9536?
2, 149
What are the prime factors of 61970?
2, 5, 6197
List the prime factors of 74543.
7, 23, 463
List the prime factors of 25162.
2, 23, 547
List the prime factors of 34762.
2, 7, 13, 191
List the prime factors of 398.
2, 199
What are the prime factors of 12961?
13, 997
List the prime factors of 110437.
110437
What are the prime factors of 380?
2, 5, 19
List the prime factors of 15515.
5, 29, 107
List the prime factors of 3084.
2, 3, 257
List the prime factors of 42672.
2, 3, 7, 127
List the prime factors of 18452.
2, 7, 659
What are the prime factors of 4605?
3, 5, 307
What are the prime factors of 45714?
2, 3, 19, 401
What are the prime factors of 8403?
3, 2801
List the prime factors of 954.
2, 3, 53
List the prime factors of 8022.
2, 3, 7, 191
What are the prime factors of 9749?
9749
What are the prime factors of 300?
2, 3, 5
List the prime factors of 33548.
2, 8387
List the prime factors of 307.
307
List the prime factors of 869.
11, 79
What are the prime factors of 3225?
3, 5, 43
What are the prime factors of 2982?
2, 3, 7, 71
List the prime factors of 3262.
2, 7, 233
What are the prime factors of 9222?
2, 3, 29, 53
List the prime factors of 32990.
2, 5, 3299
List the prime factors of 75346.
2, 101, 373
What are the prime factors of 2288?
2, 11, 13
What are the prime factors of 46636?
2, 89, 131
List the prime factors of 54977.
13, 4229
List the prime factors of 28180.
2, 5, 1409
What are the prime factors of 33918?
2, 3, 5653
What are the prime factors of 993?
3, 331
What are the prime factors of 15743?
7, 13, 173
What are the prime factors of 4732?
2, 7, 13
What are the prime factors of 488?
2, 61
What are the prime factors of 822?
2, 3, 137
List the prime factors of 2198.
2, 7, 157
List the prime factors of 1196.
2, 13, 23
What are the prime factors of 148?
2, 37
List the prime factors of 12045.
3, 5, 11, 73
List the prime factors of 1353.
3, 11, 41
What are the prime factors of 8030?
2, 5, 11, 73
List the prime factors of 5093.
11, 463
List the prime factors of 1960.
2, 5, 7
List the 